at is the greatest common factor of y and 40?
10
Let l be 4644/132 - (1 - (-18)/(-22)). What is the highest common divisor of l and 10?
5
Suppose 5*v + 4*k - 69 = 54, -5*k = -10. What is the greatest common factor of v and 69?
23
Let z be 112/12 - (-2)/3. Suppose -3*p - 1 = 14. Let t = 15 + p. What is the greatest common factor of z and t?
10
Let f be 13/((-78)/(-840)) - -3. Let r be 2*2/(4/13). What is the greatest common divisor of r and f?
13
Let d = -12 - -25. Suppose 5*a - 3*i = 30, 8 + 2 = -2*i. Suppose -3*l + 48 = f, 4*l = -a*f - 0*l + 129. Calculate the highest common factor of d and f.
13
Let q = -11 - -17. Calculate the greatest common factor of q and 30.
6
Suppose 0 = -5*k + 188 + 42. Let a be 116 - (2 + 0 - 1). Calculate the greatest common factor of k and a.
23
Let u = 7 - 6. Let t(o) = 22*o**2 - 2*o + 1. Let w be t(u). Calculate the highest common divisor of w and 7.
7
Let g be 28/210 + -1*163/(-15). Calculate the greatest common divisor of 44 and g.
11
Suppose y + 1 = 6. Let k(p) = -p**2 - 4*p + 6. Let m be k(-5). Calculate the greatest common divisor of m and y.
1
Let l = 16 - -29. Calculate the greatest common divisor of 18 and l.
9
Let l = 1 + 12. Let t(p) = -p**2 + 6*p. Let k be t(5). Let w = l - k. Calculate the highest common factor of w and 2.
2
Let f(v) = v**3 - 5*v**2 + 4*v - 9. Let i be f(7). What is the highest common divisor of i and 13?
13
Let y(l) = -l**2 + 12*l - 16. Let q be y(10). What is the highest common factor of 8 and q?
4
Let p be (-2)/6 + 77/(-21). Let x(l) = -l**2 - 3*l + 5. Let n be x(p). What is the highest common divisor of n and 8?
1
Let w be (-4)/(-6) - 16/(-3). Let p = 37 - 39. Let g = p + w. What is the greatest common divisor of g and 1?
1
Let s = -2 + 10. What is the greatest common factor of 12 and s?
4
Let x be (1/3)/((-6)/(-54)). Suppose -d - 5*s = -22, 0*d = -x*d - 5*s + 46. Suppose 18 + d = 2*g. Calculate the greatest common divisor of 3 and g.
3
Suppose 4*r - 5*p - 80 = 0, -5*r = -4*p + 3*p - 100. Let s = 39 - 35. Calculate the greatest common divisor of r and s.
4
Let a(b) = -3*b + 2. Let y be a(-5). Calculate the greatest common divisor of 17 and y.
17
Let s(o) = -o**2 + 13*o + 8. Let p be s(12). Let r(h) = 61*h - 1. Let y be r(1). Let i = -20 + y. What is the greatest common factor of i and p?
20
Suppose -g - 1 = -4. Suppose -g*n = 2*n - 10. Suppose -y + 31 = -5*a, n*a + 7 + 3 = 0. What is the highest common divisor of y and 30?
6
Let d = 21 - -3. What is the highest common factor of d and 24?
24
Let v(x) = 3*x**2 + 10*x - 10. Let y be v(-8). Calculate the highest common factor of y and 6.
6
Let o(s) = -3 + 5*s + s**2 - 2*s + s**2. Let p be o(3). Suppose 3*x - 5*k - 103 = 0, -x = -2*x + 4*k + 32. Calculate the highest common divisor of p and x.
12
Let i(a) be the first derivative of 2*a**3/3 - 2*a**2 - 7*a + 2. Let s be i(7). Calculate the greatest common divisor of 7 and s.
7
Let o(p) be the first derivative of p**4/4 + p**3/3 + 26*p + 6. Let k be o(0). Calculate the greatest common factor of 39 and k.
13
Let z(x) = 9*x - 6. Let t be z(6). Suppose -g + t = -4*g. Let d be ((-6)/4)/(6/g). Calculate the greatest common divisor of 4 and d.
4
Suppose -a + 0 = -54. What is the greatest common factor of 6 and a?
6
Suppose -3*w = w - 16. Let a be w/(-14) + (-216)/(-21). Calculate the highest common factor of 90 and a.
10
Suppose 24 = -6*d + 2*d. Let p = d - -12. Calculate the highest common divisor of 48 and p.
6
Suppose -12 - 18 = -5*i. Suppose z = 4*g - 40, 0*z + 2*z = -8. What is the highest common factor of i and g?
3
Let a(p) = -p + 1. Let j be a(-6). What is the highest common factor of 56 and j?
7
Suppose -5*t + 2*t - 3 = 2*s, t + 2 = -s. What is the greatest common divisor of 3 and t?
1
Suppose 224 - 32 = 6*p. What is the highest common factor of p and 80?
16
Let d = 28 - 5. Calculate the greatest common divisor of 92 and d.
23
Let s(g) = g - 3. Let r be s(3). Let j = r + 2. Suppose 3*v - j*v - 28 = 0. What is the greatest common factor of v and 4?
4
Let i = 3 - -1. Suppose -4*j + 3*b = -16, 2*b - 16 = -4*j + 3*b. Suppose j*h - 30 = -s, 5*s - 5*h - 25 = -0*h. Calculate the highest common factor of s and i.
2
Let p(h) = -h**3 + 17*h**2 + 2*h - 28. Let c be p(17). Calculate the highest common factor of c and 3.
3
Suppose 5*n - 58 = -z + 4*n, 0 = 5*z + 3*n - 280. What is the greatest common factor of 159 and z?
53
Let p(z) = z**3 - z**2 - z - 2. Let h be p(0). Let i be -1 - -2*(-3)/h. Let u be 1 + (0 - 1) + 8. What is the highest common factor of i and u?
2
Let y = 4 + 36. Suppose 175 = 5*o + y. What is the highest common factor of 135 and o?
27
Suppose 3*a = 10*a - 35. What is the greatest common divisor of 15 and a?
5
Suppose 2*s - 82 = -3*h, -s = 4*s + 20. Suppose 63 = 5*b - 2*a + 19, -3*b = -2*a - 24. Calculate the highest common factor of h and b.
10
Let w(k) = k**3 - k + 1. Let g be w(2). What is the highest common divisor of 7 and g?
7
Suppose 2*s + 17 = 3*s. Let b = 10 + s. Calculate the greatest common factor of 18 and b.
9
Let u be (8/(-2))/(0 + -4) - -5. What is the highest common factor of u and 10?
2
Let a be (10 - 2) + (-1 - -1). Calculate the highest common divisor of a and 8.
8
Let z = 29 + -2. Suppose -z = s - 4*s. Let n = 132 - 87. What is the greatest common divisor of n and s?
9
Let x = 106 + 49. What is the highest common factor of x and 62?
31
Let i be 6/8 + (42385/28)/7. Calculate the greatest common factor of 31 and i.
31
Let l be 0 + -3 + (-14)/(-2). Calculate the highest common factor of 8 and l.
4
Let y be 1251/(-12) + (-5)/(-20). Let k be (-6 - 0)*73/3. Let r = y - k. Calculate the highest common divisor of r and 28.
14
Let j(q) = q**3 + 7*q**2 + 4*q - 6. Let i be j(-6). Let l be -1*(1 - 1 - -3) + 15. Calculate the highest common divisor of i and l.
6
Let p(f) = -40*f + 16. Let r be p(-4). Calculate the greatest common factor of 16 and r.
16
Suppose 5*m + 4 = -2*k + m, 3*m = -15. What is the greatest common factor of k and 64?
8
Let w(r) = r**2 + r + 5. Let a be w(4). Let b(h) = -17*h - 75. Let t be b(-5). What is the highest common factor of t and a?
5
Let v = 5 - 5. Suppose r + v*r = 17. Calculate the highest common divisor of 136 and r.
17
Let h(p) = 3*p + 1. Let a be h(1). Let x be 0/2 - (-1 - 0). Let m = x + a. What is the highest common factor of m and 20?
5
Let t(k) = -k**3 + 8*k**2 - 7*k. Let b be t(5). Suppose -x + 38 = 13. Suppose y + 4*y = x. What is the greatest common divisor of y and b?
5
Suppose -7 - 41 = -2*u. Calculate the greatest common factor of 12 and u.
12
Let l be (14 + 6)/(2/(-44)*-4). What is the greatest common divisor of l and 10?
10
Let h be (-1 + 5)*(-8)/(160/(-575)). Calculate the greatest common factor of h and 46.
23
Let t be (-4)/22 - 5292/(-66). What is the highest common factor of 20 and t?
20
Suppose 3*l - 29 = 7. Let v = -8 - -10. Suppose -v*x + 2 = -3*o + 2*x, -o = 5*x - l. What is the greatest common factor of o and 22?
2
Suppose 0 = 7*k - 11*k + 644. Calculate the greatest common factor of k and 7.
7
Let f be 7/(1*(0 + 1)). Let n(s) = -5*s + 5 - f*s - 4. Let h be n(-1). Calculate the greatest common factor of 91 and h.
13
Suppose -6*h = 2*k - 2*h - 2, -k - 13 = -5*h. Let p be (-1)/((-4)/(-32))*k. Calculate the greatest common factor of 60 and p.
12
Let w = 2 + 15. What is the greatest common divisor of 17 and w?
17
Let y = 18 + -2. Suppose 0 = 5*o - 92 - 58. Suppose 0 = 5*t - o + 10. Calculate the highest common divisor of t and y.
4
Let q(f) = -f**2 + 8*f - 3. Let z be q(7). Suppose z*y = -5*v + 25, 3*y + 0*y - 17 = -2*v. Calculate the highest common factor of 25 and y.
5
Suppose -y + 12*y = 330. What is the highest common divisor of y and 75?
15
Suppose 9 = w - 0. Let i(p) = 7*p**3 - 2*p**2 - 2*p + 1. Let m be i(3). Let d = m + -85. Calculate the highest common divisor of w and d.
9
Let r be 28/(-4)*2/(-7). Suppose -o + 3*y = -7 + 14, 2*o + r*y - 18 = 0. Calculate the greatest common divisor of o and 5.
5
Let p(u) = -5*u + 1. Let s be p(-10). What is the greatest common divisor of 17 and s?
17
Let o(u) = -u**2 + 7*u - 6. Let b be o(6). Suppose b = -0*f - 5*f + 25. Suppose -f*c = -c - 256. What is the greatest common divisor of c and 16?
16
Let y be 14 + -4 + -2 + 3. What is the greatest common divisor of y and 99?
